{"id":628,"date":"2015-07-29T15:23:26","date_gmt":"2015-07-29T13:23:26","guid":{"rendered":"http:\/\/www.imostar.com\/FBDTest\/?page_id=628"},"modified":"2026-03-12T21:38:53","modified_gmt":"2026-03-12T19:38:53","slug":"jesus-das-licht-der-welt","status":"publish","type":"page","link":"https:\/\/www.imostar.com\/biblestudent\/?page_id=628","title":{"rendered":"Jesus &#8211; das Licht der Welt"},"content":{"rendered":"<table border=\"0\" width=\"611\" cellspacing=\"0\" cellpadding=\"0\">\n<tbody>\n<tr>\n<td align=\"left\" valign=\"top\" width=\"279\" height=\"590\">\n<p style=\"text-align: justify;\" align=\"justify\"><strong>\u00a0J<\/strong>esus selbst bezeugte \u201eIch bin das Licht der Welt!\u201c Dem wurde von seinen Zuh\u00f6rern, den Pharis\u00e4ern &#8211; den Theologen des Judentums &#8211; sofort widersprochen. Sie empfanden es als eine Anma\u00dfung, dass Jesus sich damit derma\u00dfen \u00fcber sie stellte. Aus ihrer Sicht eine verst\u00e4ndliche Reaktion und sicherlich w\u00fcrden die Reaktionen heute nicht viel anders ausfallen. Eine Sache zu behaupten ist einfach, sie durch Wort und Tat zu beweisen, jedoch etwas ganz anderes.<\/p>\n<p style=\"text-align: justify;\"><strong>\u00a0O<\/strong>bwohl sich nur wenige Menschen die Jahrhunderte hindurch wirklich nach Jesu Lehren ausrichteten, so kann man heute unzweifelhaft sehen, dass das Christentum Menschen und ganze Gesellschaften positiv beeinflusst hat. Allein unsere Gesetzgebung, als Grundlage im Besonderen das Grundgesetz (GG) und das B\u00fcrgerliche Gesetzbuch (BGB), ist durchdrungen vom christlich ethischen Gedankengut und hat damit viel Positives bewirkt.<\/p>\n<p style=\"text-align: justify;\"><strong>\u00a0 H<\/strong>einer Gei\u00dfler, ein deutscher Politiker, schreibt in seinem Buch \u201eWo ist Gott? &#8211; Gespr\u00e4che mit der n\u00e4chsten Generation\u201c \u00fcber Jesus und das Christsein: \u201eSelbst wenn man nach wie vor an Gott zweifelt, m\u00fcsste einen eigentlich die Botschaft \u00fcberzeugen, die Jesus im Neuen Testament verk\u00fcndet hat. Es ist eine sch\u00f6ne und gute Botschaft, die die Welt schon ver\u00e4ndert hat und weiter zum Guten ver\u00e4ndern k\u00f6nnte, wenn nur alle diese Botschaft zur Kenntnis und ernst n\u00e4hmen oder wenn die Christen selber sich an diese Botschaft hielten.\u201c<\/p>\n<p style=\"text-align: justify;\"><strong>\u00a0 J<\/strong>esus sagte, dass die Welt im Allgemeinen in Finsternis liegt. Wenn man allein den Verfall von Ethik und Moral in unserer heutigen Zeit ansieht, merkt man schnell, was eine Abkehr von christlichen Werten bewirkt. Leider machen viele Religionen und Religionschristen diesen Trend mit und lehren, man m\u00fcsse die biblischen Lehren unserer heutigen \u201efortschrittlichen\u201c Zeit anpassen. Was Menschen noch vor 40 Jahren schockierend empfanden, gilt heute als Normalit\u00e4t und wird \u00f6ffentlich ausgelebt. Nicht die Heilige Schrift ist der Ma\u00dfstab f\u00fcr das heutige Gesellschaftsleben, sondern das aktuelle Moral Verst\u00e4ndnis wird zum Ma\u00dfstab erhoben, wie die Bibel \u201eausgelegt\u201c werden sollte. Damit wird das Evangelium Christi seines Glanzes beraubt und zur Beliebigkeit degradiert.<\/p>\n<p style=\"text-align: justify;\"><strong>\u00a0 B<\/strong>ist du schon einmal bei stockfinsterer Nacht abseits beleuchteter Wege spazieren gewesen? W\u00fcrdest du nachts mit einem Auto fahren, dessen Beleuchtung vollst\u00e4ndig defekt ist? Vielleicht im Notfall, aber du w\u00fcsstest, dass du dich einem hohen Sicherheitsrisiko aussetzt. Die meisten Menschen verhalten sich jedoch im \u00fcbertragenen Sinn wie ein Autofahrer, der in eine Nebelwand rein rast jedoch sein hohes Tempo beibeh\u00e4lt mit dem Spruch: \u201eEs wird schon nichts passieren\u201c.<\/p>\n<\/td>\n<td width=\"15\" height=\"590\"><\/td>\n<td align=\"left\" valign=\"top\" width=\"279\" height=\"590\">\n<p style=\"text-align: justify;\"><strong>\u00a0 D<\/strong>as Resultat ist h\u00e4ufig ein Leben ohne wahren Sinn und ohne Ziel, denn die vielen suggerierten Ziele f\u00fchren ins seelische Abseits. Man rennt Zielen wie Karriere, Ansehen, materiellem Wohlstand und sogenannter Selbstverwirklichung nach, merkt aber oftmals nach Jahrzehnten, wie sinnlos doch alles war. Viele opfern Freundschaften, Ehe und Familie sowie die eigene Gesundheit, um scheinbar erstrebenswerte Ziele zu erreichen. Oft h\u00f6rt man von Personen, die scheinbar alles im Leben erreicht haben, wie leer und deprimiert sie sich f\u00fchlen. In dem Artikel: \u201eDer Onassis-Clan: Geld macht ungl\u00fccklich\u201c von Focus online wird der Multi Milliard\u00e4r Aristoteles Onassis mit der Aussage zitiert: \u201eWer behauptet, mit Geld sei alles m\u00f6glich, der beweist nur, dass er nie welches gehabt hat!\u201c<\/p>\n<p style=\"text-align: justify;\"><strong>\u00a0 E<\/strong>iner 2011 im \u201eJournal of Couple &amp; Relationship Therapy\u201c ver\u00f6ffentlichten Studie zufolge wird Materialismus mit Eheproblemen in direkten Zusammenhang gebracht. Studien an 1.734 verheirateten Paaren ergaben, dass Ehen, in denen beide Partner gleiche materialistische Ambitionen zeigten, von geringerer Qualit\u00e4t waren als Ehen mit schw\u00e4cherer materialistischer Orientierung. Fr\u00fchere Studien belegen, dass Studenten, denen es vor allem auf \u00e4u\u00dfere, materielle Werte ankommt, tendenziell weniger erfolgreiche Beziehungen f\u00fchren und sich weniger stark mit einem anderen Menschen verbunden f\u00fchlen (Jason S. Carroll , Lukas R. Dean , Lindsey L. Call &amp; Dean M. Busby (2011) Materialism and Marriage: Journal of Couple &amp; Relationship Therapy &#8211; Innovations in Clinical and Educational Interventions).<\/p>\n<p style=\"text-align: justify;\"><strong>\u00a0S<\/strong>ieht man sich im Gegensatz dazu die Aussagen Jesu zu materiellen Dingen, zwischenmenschlichen Beziehungen und den erstrebenswerten Zielen im Leben an, erkennt man sehr schnell, wie lichtvoll und ausgewogen seine Weisungen sind. Sie zeigen die g\u00f6ttliche Weisheit und tiefes Wissen um die menschliche Natur mit ihren seelischen Bed\u00fcrfnissen. Wir k\u00f6nnen nur der Aussage des Johannes beipflichten, der \u00fcber Jesus schrieb: \u201eIn ihm war das Leben, und das Leben war das Licht der Menschen. Und das Licht leuchtet in der Finsternis, und die Finsternis hat es nicht begriffen\u201c &#8211; Joh. 1:4,5.<\/p>\n<p style=\"text-align: justify;\">\u00a0\u00a0<strong>J<\/strong>eder Einzelne von uns tut gut daran, sich ins Licht Jesu zu begeben, um aus der Finsternis dieser uns umgebenden Gesellschaft herauszutreten. Jesus ist noch in anderer Weise das Licht der Welt, da er den Weg zu wahrem Leben zeigt und selbst der Weg ist. Damit besch\u00e4ftigt sich ein weiterer\u00a0Artikel.<\/p>\n<\/td>\n<\/tr>\n<\/tbody>\n<\/table>\n<p>&nbsp;<\/p>\n","protected":false},"excerpt":{"rendered":"<p>\u00a0Jesus selbst bezeugte \u201eIch bin das Licht der Welt!\u201c Dem wurde von seinen Zuh\u00f6rern, den Pharis\u00e4ern &#8211; den Theologen des Judentums &#8211; sofort widersprochen. Sie empfanden es als eine Anma\u00dfung, dass Jesus sich damit derma\u00dfen \u00fcber sie stellte. Aus ihrer Sicht eine verst\u00e4ndliche Reaktion und sicherlich w\u00fcrden die Reaktionen heute nicht viel anders ausfallen. Eine [&hellip;]<\/p>\n","protected":false},"author":1,"featured_media":664,"parent":0,"menu_order":0,"comment_status":"closed","ping_status":"closed","template":"","meta":{"footnotes":""},"class_list":["post-628","page","type-page","status-publish","has-post-thumbnail","czr-hentry"],"_links":{"self":[{"href":"https:\/\/www.imostar.com\/biblestudent\/index.php?rest_route=\/wp\/v2\/pages\/628","targetHints":{"allow":["GET"]}}],"collection":[{"href":"https:\/\/www.imostar.com\/biblestudent\/index.php?rest_route=\/wp\/v2\/pages"}],"about":[{"href":"https:\/\/www.imostar.com\/biblestudent\/index.php?rest_route=\/wp\/v2\/types\/page"}],"author":[{"embeddable":true,"href":"https:\/\/www.imostar.com\/biblestudent\/index.php?rest_route=\/wp\/v2\/users\/1"}],"replies":[{"embeddable":true,"href":"https:\/\/www.imostar.com\/biblestudent\/index.php?rest_route=%2Fwp%2Fv2%2Fcomments&post=628"}],"version-history":[{"count":2,"href":"https:\/\/www.imostar.com\/biblestudent\/index.php?rest_route=\/wp\/v2\/pages\/628\/revisions"}],"predecessor-version":[{"id":865,"href":"https:\/\/www.imostar.com\/biblestudent\/index.php?rest_route=\/wp\/v2\/pages\/628\/revisions\/865"}],"wp:featuredmedia":[{"embeddable":true,"href":"https:\/\/www.imostar.com\/biblestudent\/index.php?rest_route=\/wp\/v2\/media\/664"}],"wp:attachment":[{"href":"https:\/\/www.imostar.com\/biblestudent\/index.php?rest_route=%2Fwp%2Fv2%2Fmedia&parent=628"}],"curies":[{"name":"wp","href":"https:\/\/api.w.org\/{rel}","templated":true}]}}